of 1931?
1931
What are the prime factors of 7481?
7481
List the prime factors of 69539.
69539
List the prime factors of 153096.
2, 3, 6379
What are the prime factors of 1754?
2, 877
List the prime factors of 15204.
2, 3, 7, 181
What are the prime factors of 3169?
3169
What are the prime factors of 32511?
3, 10837
List the prime factors of 75678.
2, 3, 12613
List the prime factors of 1287.
3, 11, 13
What are the prime factors of 5996?
2, 1499
What are the prime factors of 1145?
5, 229
List the prime factors of 21282.
2, 3, 3547
List the prime factors of 1941.
3, 647
What are the prime factors of 5081?
5081
What are the prime factors of 118?
2, 59
List the prime factors of 4766.
2, 2383
List the prime factors of 305.
5, 61
What are the prime factors of 1616?
2, 101
What are the prime factors of 3587?
17, 211
List the prime factors of 3396.
2, 3, 283
What are the prime factors of 3133?
13, 241
List the prime factors of 7469.
7, 11, 97
List the prime factors of 2248.
2, 281
What are the prime factors of 13394?
2, 37, 181
What are the prime factors of 319?
11, 29
List the prime factors of 1297.
1297
List the prime factors of 11115.
3, 5, 13, 19
What are the prime factors of 2030?
2, 5, 7, 29
List the prime factors of 66551.
61, 1091
What are the prime factors of 1368?
2, 3, 19
List the prime factors of 1287.
3, 11, 13
List the prime factors of 270.
2, 3, 5
List the prime factors of 1038.
2, 3, 173
What are the prime factors of 4331?
61, 71
List the prime factors of 28771.
28771
List the prime factors of 1351.
7, 193
List the prime factors of 2255.
5, 11, 41
List the prime factors of 878.
2, 439
List the prime factors of 166130.
2, 5, 37, 449
List the prime factors of 1465.
5, 293
What are the prime factors of 843?
3, 281
List the prime factors of 101367.
3, 7, 1609
What are the prime factors of 2083?
2083
List the prime factors of 48171.
3, 16057
List the prime factors of 4180.
2, 5, 11, 19
List the prime factors of 15411.
3, 11, 467
What are the prime factors of 8089?
8089
List the prime factors of 2692.
2, 673
List the prime factors of 41751.
3, 4639
List the prime factors of 6648.
2, 3, 277
What are the prime factors of 15444?
2, 3, 11, 13
What are the prime factors of 1429?
1429
List the prime factors of 131399.
23, 29, 197
List the prime factors of 1250.
2, 5
What are the prime factors of 835?
5, 167
List the prime factors of 82970.
2, 5, 8297
What are the prime factors of 558?
2, 3, 31
List the prime factors of 187.
11, 17
What are the prime factors of 4099?
4099
What are the prime factors of 1300?
2, 5, 13
List the prime factors of 26940.
2, 3, 5, 449
What are the prime factors of 4293?
3, 53
List the prime factors of 1683.
3, 11, 17
What are the prime factors of 594?
2, 3, 11
List the prime factors of 15616.
2, 61
What are the prime factors of 21102?
2, 3, 3517
List the prime factors of 7353.
3, 19, 43
What are the prime factors of 144?
2, 3
List the prime factors of 6612.
2, 3, 19, 29
What are the prime factors of 115080?
2, 3, 5, 7, 137
List the prime factors of 11478.
2, 3, 1913
What are the prime factors of 491?
491
List the prime factors of 17772.
2, 3, 1481
What are the prime factors of 20714?
2, 10357
What are the prime factors of 1311?
3, 19, 23
What are the prime factors of 387?
3, 43
List the prime factors of 282.
2, 3, 47
List the prime factors of 52320.
2, 3, 5, 109
List the prime factors of 18296.
2, 2287
What are the prime factors of 12471?
3, 4157
List the prime factors of 3719.
3719
What are the prime factors of 67646?
2, 149, 227
What are the prime factors of 142?
2, 71
List the prime factors of 6280.
2, 5, 157
What are the prime factors of 29389?
29389
List the prime factors of 2912.
2, 7, 13
List the prime factors of 25912.
2, 41, 79
List the prime factors of 12269.
12269
List the prime factors of 6535.
5, 1307
List the prime factors of 15595.
5, 3119
List the prime factors of 261.
3, 29
What are the prime factors of 87852?
2, 3, 7321
What are the prime factors of 942?
2, 3, 157
What are the prime factors of 13025?
5, 521
List the prime factors of 5956.
2, 1489
What are the prime factors of 21433?
21433
What are the prime factors of 13840?
2, 5, 173
List the prime factors of 2355.
3, 5, 157
List the prime factors of 2476.
2, 619
What are the prime factors of 27335?
5, 7, 11, 71
What are the prime factors of 349?
349
List the prime factors of 3176.
2, 397
What are the prime factors of 85773?
3, 28591
List the prime factors of 8689.
8689
What are the prime factors of 64?
2
What are the prime factors of 5766?
2, 3, 31
What are the prime factors of 17642?
2, 8821
List the prime factors of 6976.
2, 109
List the prime factors of 1526.
2, 7, 109
What are the prime factors of 14517?
3, 1613
List the prime factors of 34994.
2, 17497
What are the prime factors of 2793?
3, 7, 19
List the prime factors of 8160.
2, 3, 5, 17
List the prime factors of 5589.
3, 23
List the prime factors of 27397.
27397
What are the prime factors of 959?
7, 137
List the prime factors of 8343.
3, 103
List the prime factors of 98521.
83, 1187
What are the prime factors of 11131?
11131
What are the prime factors of 6704?
2, 419
What are the prime factors of 1969?
11, 179
What are the prime factors of 1147?
31, 37
List the prime factors of 714.
2, 3, 7, 17
What are the prime factors of 2687?
2687
List the prime factors of 13152.
2, 3, 137
List the prime factors of 29797.
83, 359
List the prime factors of 6319.
71, 89
What are the prime factors of 5488?
2, 7
List the prime factors of 1459.
1459
List the prime factors of 1301.
1301
List the prime factors of 24908.
2, 13, 479
List the prime factors of 937.
937
List the prime factors of 4104.
2, 3, 19
What are the prime factors of 1328?
2, 83
What are the prime factors of 737?
11, 67
What are the prime factors of 288?
2, 3
What are the prime factors of 305?
5, 61
List the prime factors of 459.
3, 17
List the prime factors of 32179.
7, 4597
List the prime factors of 5386.
2, 2693
List the prime factors of 21240.
2, 3, 5, 59
List the prime factors of 24.
2, 3
What are the prime factors of 331?
331
What are the prime factors of 30595?
5, 29, 211
List the prime factors of 2710.
2, 5, 271
List the prime factors of 370.
2, 5, 37
List the prime factors of 78839.
78839
List the prime factors of 4360.
2, 5, 109
What are the prime factors of 4076?
2, 1019
What are the prime factors of 101833?
101833
What are the prime factors of 58880?
2, 5, 23
List the prime factors of 87844.
2, 21961
What are the prime factors of 13735?
5, 41, 67
What are the prime factors of 11150?
2, 5, 223
What are the prime factors of 21352?
2, 17, 157
List the prime factors of 1128.
2, 3, 47
What are the prime factors of 63918?
2, 3, 53, 67
List the prime factors of 2792.
2, 349
What are the prime factors of 21951?
3, 271
What are the prime factors of 2242?
2, 19, 59
List the prime factors of 37003.
37003
List the prime factors of 93775.
5, 11, 31
List the prime factors of 9599.
29, 331
What are the prime factors of 4575?
3, 5, 61
List the prime factors of 10955.
5, 7, 313
What are the prime factors of 6130?
2, 5, 613
What are the prime factors of 15072?
2, 3, 157
List the prime factors of 66198.
2, 3, 11, 17, 59
List the prime factors of 7718.
2, 17, 227
What are the prime factors of 1183?
7, 13
What are the prime factors of 59?
59
What are the prime factors of 31902?
2, 3, 13, 409
List the prime factors of 13130.
2, 5, 13, 101
What are the prime factors of 37510?
2, 5, 11, 31
What are the prime factors of 49837?
19, 43, 61
What are the prime factors of 57029?
7, 8147
List the prime factors of 411.
3, 137
What are the prime factors of 3217?
3217
List the prime factors of 11772.
2, 3, 109
What are the prime factors of 19628?
2, 7, 701
What are the prime factors of 43590?
2, 3, 5, 1453
What are the prime factors of 59187?
3, 109, 181
List the prime factors of 18024.
2, 3, 751
List the prime factors of 5725.
5, 229
List the prime factors of 1326.
2, 3, 13, 17
What are the prime factors of 23157?
3, 31, 83
List the prime factors of 83355.
3, 5, 5557
What are the prime factors of 8290?
2, 5, 829
What are the prime factors of 1103?
1103
What are the prime factors of 55996?
2, 13999
List the prime factors of 8754.
2, 3, 1459
What are the prime factor